ate the greatest common divisor of k and j.
20
Let f be 6/2 + (0 - -1). Suppose -5*z = -f - 1. Let x = -92 + 100. What is the greatest common factor of x and z?
1
Let r be -12*8/32*(-1 - 32). Calculate the greatest common factor of r and 165.
33
Suppose -4*b = -0*b - 172. Suppose 0 = -4*j - 5*z + 182, -176 = -4*j - 20*z + 18*z. What is the highest common factor of b and j?
43
Let l(j) = j. Let b be 34/10 + 16/(-40). Suppose -b = 3*s - 15. Let q be l(s). Calculate the greatest common divisor of 8 and q.
4
Let p be (-86)/(-5) + -3*5/75. Calculate the greatest common factor of p and 136.
17
Suppose 2*z + 3*t - 15 - 5 = 0, z + 4*t - 20 = 0. Suppose 2*l - 58 = -2*h, -2*l = z*h - 7*l - 107. What is the greatest common divisor of h and 21?
7
Let b(i) = 3*i**2 + i + 3. Let o be b(-2). Let w(n) = -3*n**2 + 6 - n + 2 - n**3 - 1 - 6*n**2. Let s be w(-10). Calculate the highest common divisor of o and s.
13
Suppose 23*f = 10*f + 78. Suppose 4*i = -3*x + 131 + 4, 0 = -4*i - 2*x + 130. Calculate the greatest common factor of i and f.
6
Suppose -9 = -3*o, -4*s + 170 = 2*o - 148. Let m be (-1)/2*(-2 - -8) - -29. Calculate the highest common divisor of m and s.
26
Suppose -2*y - 3*y + 2*q - 8 = 0, -3*y - q - 7 = 0. Let t be 37 - 1*(-6)/(-5 - y). Calculate the highest common divisor of t and 28.
7
Let y be 2/(-6) - 38/3. Suppose 2*b = c + c + 42, 2*b = -3*c - 83. Let l = y - c. What is the highest common divisor of l and 84?
12
Suppose 2*q + 66 = 3*r, -2*q + 34 = 7*r - 5*r. Calculate the greatest common divisor of 2960 and r.
20
Let v(f) = -f**2 - 25*f - 64. Let m be v(-18). Calculate the greatest common divisor of m and 1333.
31
Let f(w) = 243*w**3 + 2*w**2 + 3*w - 5. Let p be f(1). What is the greatest common divisor of p and 54?
27
Let n(c) = c**3 + 10*c**2 - 8*c - 15. Let d be n(-11). Let o = d + 128. Calculate the greatest common divisor of 10 and o.
10
Suppose 1 = f, -3*u - 13 = 5*f - 150. Calculate the highest common divisor of 616 and u.
44
Let j be ((-46)/69)/((-3)/36). What is the highest common divisor of j and 344?
8
Let p = 57 + -23. Suppose -74*w + 30*w + 3740 = 0. What is the greatest common factor of p and w?
17
Let j(s) = s**3 + 17*s**2 - 16*s + 36. Let o be j(-18). Suppose -15*u + 11*u + 84 = o. Calculate the greatest common factor of u and 3.
3
Suppose -2431 = -4*g - 775. Let a = g + -288. Calculate the greatest common divisor of 18 and a.
18
Suppose -3*t = -45*t + 12012. Calculate the highest common divisor of 33 and t.
11
Suppose 0*a + a + 13 = 3*r, r = -a + 7. Let f be 58/12 - 1/(-6). What is the greatest common factor of f and r?
5
Let x(a) = 2*a**3 + 7*a**2 + 11*a + 17. Let d be x(-8). Let h = d + 922. Calculate the greatest common divisor of h and 11.
11
Let o = 42 + -18. Suppose 2*j + o = 5*q, 3*q - 4*j = -0*q + 6. What is the highest common divisor of q and 42?
6
Suppose 0 = -3*j + u + 1381, -9*u + 5*u + 456 = j. Calculate the greatest common factor of 40 and j.
20
Let j(d) = -4*d - 102. Let m be j(-30). Suppose 0 = -3*g - 1 - 11. Let u = g - -16. What is the greatest common divisor of u and m?
6
Let o(s) = s + 24. Let j be o(-21). Let t(p) = p. Let v(l) = 4*l + 1. Let m(x) = -t(x) + v(x). Let k be m(j). Calculate the greatest common factor of 5 and k.
5
Suppose 4*k + 28*r - 26*r - 132 = 0, 0 = -4*r + 16. What is the greatest common divisor of k and 3007?
31
Suppose 0*g = 3*g - 12. Suppose -5*k + g = -q, 6*k = 4*k + q + 1. Calculate the highest common factor of 2 and k.
1
Suppose 11*g - 1064 = 3402. Calculate the highest common divisor of g and 14.
14
Suppose 155 = 2*w - 205. Suppose 14*a - w = 11*a. What is the greatest common divisor of 150 and a?
30
Suppose -4*q = 2*z - 18, -5*q + 2*q + 4*z = -8. Calculate the greatest common divisor of q and 4.
4
Suppose 4*j = -2*v + 4*v, 3*j = 3*v. Let l be -4 + v + (16 - 2). What is the greatest common divisor of 10 and l?
10
Suppose -28*y - 123 = -31*y. Calculate the highest common divisor of y and 41.
41
Suppose l - 76 - 167 = 0. Let w(x) = -x**3 + 6*x**2 + 2. Let v be w(5). What is the highest common divisor of v and l?
27
Let y(h) = 6*h**3 - h - 1. Let z be y(2). Let p(s) = 2*s**2 + 5*s + 2. Let u be p(5). Let i = u - z. What is the highest common divisor of 4 and i?
4
Suppose -12998 + 3989 = -39*g. Calculate the highest common factor of 84 and g.
21
Suppose 5*l - 4*o + 74 = -38, -5*l - 2*o - 94 = 0. Let j be (-1)/5 - 3924/l. Let y = 422 + -394. What is the highest common factor of y and j?
28
Let t(i) = -i + 4. Let s = 30 - 23. Suppose -c - 9 - s = 2*q, 2*c = -2*q - 12. Let j be t(q). Calculate the highest common divisor of 14 and j.
14
Let b be (6/15*-5)/(-1 + -1). Calculate the highest common factor of b and 16.
1
Suppose 2538*y + 220 = 2549*y. What is the highest common factor of 980 and y?
20
Let l be 0 + -3 + 4 + 21. Let v be (16/(-3))/(-3 + (-392)/(-132)). What is the highest common divisor of l and v?
22
Let q be -10 + 28/4 - -10. Let j = -96 + 152. What is the greatest common divisor of q and j?
7
Let n(m) = 32*m + 3. Let r be n(3). Let c = 201 - 154. Suppose f - c = -38. What is the highest common divisor of r and f?
9
Let t(p) be the first derivative of p**3/3 - 3*p**2/2 - 7*p - 4. Let c be t(5). Suppose -c*n - n + 24 = 0. Calculate the highest common divisor of 48 and n.
6
Let o(w) = w**3 - 10*w**2 + 12*w + 6. Let n be o(9). Let h be 8/44 - (-9234)/n. Calculate the greatest common factor of h and 35.
35
Let y = 13 + -11. Let c be 92 + (-2 - (-2 + y)). Calculate the highest common factor of 10 and c.
10
Let b be (-6 + 2 + 3)*9. Let q be (b/6)/((-3)/36). Calculate the greatest common factor of 6 and q.
6
Suppose 15 = 2*b - 33. Suppose 4*v + 36 = -5*s, 0 = -3*v + v - 2*s - 16. Let x be (8/v - -1) + 37. Calculate the greatest common factor of b and x.
12
Let z(j) = -j**3 - 7*j**2 - 6*j + 1. Let n = -12 - -17. Suppose n*y + 9 = x, x + 10 = -y + 1. Let v be z(x). What is the greatest common factor of v and 11?
1
Suppose -856 = -45*c + 89. Calculate the greatest common divisor of c and 15.
3
Let v(u) = 3*u**2 + u - 1. Let z be v(1). Let f be (z - -2)*36/15. Calculate the highest common divisor of f and 2.
2
Let g = 2202 - 1650. Calculate the highest common divisor of g and 72.
24
Let u(r) = -15*r + 17. Let f be u(6). Let w = 108 + f. What is the highest common divisor of w and 14?
7
Let r = -518 - -1293. What is the greatest common divisor of 50 and r?
25
Let p be (-24)/(-9 - -5)*160/6. Calculate the greatest common divisor of 40 and p.
40
Suppose 4 = b + 3*j, -b + 16*j = 11*j - 28. Suppose 4*o + 29 = 133. Calculate the highest common divisor of b and o.
13
Let y(b) = -59*b + 586. Let j be y(9). What is the highest common divisor of 209 and j?
11
Let i be 9/(-3) + 3 - -3. Let y be 3 + (i - 0 - 4). Suppose -6 = -0*h - y*h. What is the greatest common factor of 15 and h?
3
Suppose b - 5*b = -3*d - 2494, 0 = -5*b + 2*d + 3121. Calculate the greatest common divisor of 5 and b.
5
Suppose 16*t + 95 = 255. What is the highest common factor of t and 130?
10
Let u be 2/(-3) + (-204)/(-9). Let y = u + -14. Let o = -61 - -93. What is the greatest common factor of y and o?
8
Suppose -2*y - 37 = -c, y - 7 + 2 = 0. Suppose -7 + c = 8*j. Calculate the greatest common divisor of j and 2.
1
Let k(f) = -f**3 + 24*f**2 - 23*f + 16. Let u be k(23). Let b = 2 - -1. Let y be 3/((-27)/12 + b). What is the greatest common divisor of y and u?
4
Suppose -3*w + 175 = 5*c - 118, -3*w = -2*c - 328. What is the greatest common factor of 1007 and w?
53
Let o(g) = 14*g - 1. Let f be o(4). Suppose 4*l - f = 3*m, 0*l + 4*l + m = 67. Calculate the greatest common factor of l and 144.
16
Suppose 0 = u - 5*o - 634, u + 3*o - 5*o - 640 = 0. Calculate the highest common factor of u and 184.
92
Suppose -60 = 16*y - 26*y. Calculate the greatest common divisor of 402 and y.
6
Suppose -3*i = n - 526, -3*n = -i - 303 - 1245. What is the greatest common divisor of 11 and n?
11
Let x be (9/(-3) - 0) + 3. Suppose u + 2*d = x, 4*u - d = 7 + 11. Calculate the highest common divisor of u and 28.
4
Suppose 0 = -37*n + 3968 + 5356. Calculate the highest common divisor of 3 and n.
3
Let t(o) = -o**2 + 8*o + 10. Let r be t(9). Suppose -5*j + 24 = -r. Suppose j*f = -b + 86 - 20, -b + 10 = f. Calculate the highest common factor of f and